 b**5/15 - b**4/24 + 2*b**3/3 + b**2. Determine y(l).
0
Suppose 2*w = w. Suppose 2*u = -w*u - 12. Let x = u + 7. Let m(c) = -c**3 + 2*c**2 - c + 1. Calculate m(x).
1
Suppose v - 5*o + 2 = -18, 32 = -4*v + 4*o. Let q = 8 + v. Let u(z) = 1 - 2 + z**q + 6*z**2 - 5*z**2 + 3 - 3*z. Determine u(-3).
-7
Let r(h) = 2*h + 1 + 2*h - h**2 + 0*h**2. What is r(4)?
1
Let j(x) = -x**2 - 5*x - 3. Let f be j(-4). Let b(z) = 6*z + 5. Let w(y) = -y - 1. Let a(k) = f*b(k) + 5*w(k). Determine a(-4).
-4
Let g(d) = -2*d**2 + d**3 - 6*d - d**2 + 4 + 0*d + 0*d**3. What is g(4)?
-4
Let a(u) = -2*u - 5. Let q(h) = 1. Let j(o) = a(o) + 3*q(o). Let t(r) = 2*r**3 - 2*r**2 - 2. Let i be t(2). Let k be 3/(-9) + 14/i. What is j(k)?
-6
Let o(i) = 5*i**2 - 2*i + 1. Let j be o(1). Suppose 2*g + a + a = 4, 3*g - 13 = j*a. Suppose w = g*w + 4. Let h(u) = -2*u - 2. Calculate h(w).
2
Let x(l) = 3*l**3 - 6*l**2 - 6*l. Let m(y) = -y**3 + 3*y**2 + 3*y. Let n(f) = -5*m(f) - 2*x(f). Let s = -31 - -29. Determine n(s).
2
Let t(u) = 3*u**2 - 3*u. Let a(b) = 2*b**2 - 3*b - 1. Let x(h) = -4*a(h) + 3*t(h). Determine x(-5).
14
Let i be -3 - 1*(4 + -1). Let x(t) = t + 3. Determine x(i).
-3
Let y(p) = 5*p - 6. Let z(i) = -30*i + 35. Let k(w) = -35*y(w) - 6*z(w). Let u(n) = -n**3 - n - 1. Let h be u(0). Give k(h).
-5
Let n(m) = 5*m**3 + 3*m**2 + 9*m - 2. Let u(w) = w**3 + w**2 + w - 1. Let i(g) = -n(g) + 6*u(g). Calculate i(-3).
5
Let v(t) = -t**3 - t**2 + t - 3. Let u be v(0). Let j(a) = a**3 + 2*a**2 - 5*a - 2. Give j(u).
4
Let o(d) = -d**3 + 10*d**2 - 6*d - 32. Let r be o(9). Let b(f) = f**2 + 5*f - 2. Give b(r).
-2
Let m be 14/4 + 7/(-14). Suppose z + 8 = -m*z. Let n(l) = -l**2 + 0*l + 2 + 0*l. Give n(z).
-2
Let m(c) = -c + 4. Let q be m(7). Let g(f) be the third derivative of f**6/120 + f**5/20 - f**4/24 + f**3/2 + f**2. What is g(q)?
6
Let y(o) = 2*o**2 - 3*o - 4. Suppose -5*u + 5*x - 15 = -0*x, u - 3*x = -3. Determine y(u).
23
Suppose 2*n = -n + 4*x + 2, -3*x + 7 = 2*n. Let y(c) = -2*c**3 + 4*c**2 - 3*c. Determine y(n).
-6
Suppose 3*p - 17 = -11. Let s = -9 + 14. Let o(b) = 9*b**2 - 4*b - 5. Let c(q) = -13*q**2 + 6*q + 7. Let r(u) = s*c(u) + 7*o(u). Give r(p).
-4
Let n(x) = x - 2. Let d be 3/3*2 - 6. Determine n(d).
-6
Let f(p) be the first derivative of -p**2/2 + p + 2. Suppose 2 + 6 = 2*t. Calculate f(t).
-3
Let t(j) = j**2 - 4*j + 4. Let b(p) = p**2 - 9*p - 32. Let i be b(12). Let o = 4 - 2. Suppose -k + i*f + 2 = -6, -5*k + 18 = o*f. Determine t(k).
4
Let b = -7 + 10. Suppose -b*v - 30 = 2*v. Let w be 3/(-2) - v/(-4). Let u(f) = f**3 + 3*f**2 - 2*f - 3. Calculate u(w).
3
Let q(w) = -w**3 - 6*w**2 + 3*w + 9. Let u be -1*2/(-1)*-3. Give q(u).
-9
Let x(m) = 3*m - 1. Let q be 2/(-10) - 32/40. Determine x(q).
-4
Let y(h) = h**2 + h - 6. Let b be y(-4). Let x(v) be the third derivative of -v**4/24 + v**3/3 + 2*v**2. Calculate x(b).
-4
Let k(b) = -b**3 - 3*b**2 + 3*b + 4. Let f be k(-3). Let x(w) = 9*w**2 - 5*w - 1. Let n(s) = -2*s**2 - 1. Let d(v) = 5*n(v) + x(v). Determine d(f).
-6
Let x = -18 - -21. Let d(h) be the first derivative of -x*h + 1/4*h**4 + 2/3*h**3 - 5/2*h**2 - 1. Give d(-3).
3
Let v(i) be the second derivative of -i**3/6 - i**2/2 + i. Let g be 1 - (3 - 0) - 1. Give v(g).
2
Suppose -6*i + 4*i = -4. Suppose 3*v - 25 = 2*t, -2*v - t + 26 = i*v. Let z(l) = -2*l**2 - 4 - 2*l**2 - 1 + 3*l**2 - v*l. Determine z(-6).
1
Suppose 2*m - 17 + 21 = 0. Let v(t) = -3*t - 1. What is v(m)?
5
Let j = 27 - 33. Let h(z) = 2*z - 7. Determine h(j).
-19
Let b(g) = 6*g**2 - 3*g + 13. Let t(r) = -5*r**2 + 4*r - 12. Let v(w) = 4*b(w) + 5*t(w). Calculate v(7).
-1
Let o(h) be the third derivative of 5*h**4/24 + h**3/3 + h**2 - 3*h. Determine o(-7).
-33
Let g(i) = -i**3. Let z(w) = 8*w**3 + 26*w**2 - 11. Let u(m) = -3*m**3 - 9*m**2 + 4. Let n(s) = -17*u(s) - 6*z(s). Let x(v) = 2*g(v) + n(v). What is x(3)?
-2
Let o(c) = -2. Let n(r) = r - 1. Let u(p) = -2*n(p) + o(p). Calculate u(2).
-4
Suppose -9 = -3*i - 3*h, -3*i - h + 16 = -5*h. Let w(s) be the third derivative of s**6/120 - s**5/12 + 5*s**4/24 - s**3/6 - s**2. Calculate w(i).
3
Let o(c) be the second derivative of c**3/6 - c. Let d(m) = m. Let n(k) = 2*d(k) - 3*o(k). Let t = 7 - 2. What is n(t)?
-5
Let h be ((-1)/((-6)/21))/(3/(-6)). Let m(p) = p**2 + 5*p - 9. What is m(h)?
5
Suppose 5*i + 10 = 45. Let h(l) = 6*l - 2*l + 3 - i*l + 2*l. Calculate h(0).
3
Suppose -2*s - 7 = -1. Let h(m) = -m - 1. Let t(g) be the third derivative of 5*g**4/24 + g**3/3 - 6*g**2. Let k(z) = -3*h(z) - t(z). Calculate k(s).
7
Let n(b) = b**2 - 8*b + 7. Suppose 29 = 4*x + o, 0 = 4*x + 2*o - 4*o - 14. Calculate n(x).
-5
Let n(x) = -x + 1. Suppose 4*w = 2*c - 4, -2*w + 5*c - 1 + 7 = 0. Determine n(w).
3
Let z(u) = u - 2. Let r be (36/(-10))/(14/(-35)). Determine z(r).
7
Suppose -12 = -4*l - 64. Let z(k) = k + 17. Give z(l).
4
Let u(g) = 0*g + 1 + g + 4 - 3. Suppose 0 = -5*x - 2 - 18. Calculate u(x).
-2
Let n be -1 + -4*(3 - 4). Let d(t) = t**3 - 3*t**2 + 4*t - 3. Calculate d(n).
9
Let g(v) = v**2 - 2*v - 2. Suppose 2 + 16 = 3*j. Suppose 4*o - j*o = -8. Give g(o).
6
Let q = 5 - 1. Let w(r) = -r**3 + 5*r**2 - 6*r + 4. Calculate w(q).
-4
Let z be (2/3)/(6/(-171)). Let r be (-4)/(-14) - z/7. Let v(u) = 2*u + 8 - r*u - 14. Determine v(-5).
-1
Let w(y) = -3*y**3 + 2*y**2 - 5*y + 1. Let g(d) = -2*d**3 + 2*d**2 - 5*d + 1. Let n(k) = -4*g(k) + 3*w(k). Determine n(-4).
11
Let t = 7 - 7. Let s(w) = -w + 4 - w + t. Give s(7).
-10
Let h(j) = -1. Let q(l) = l + 4. Let s(d) = 11*h(d) + 2*q(d). Let a(o) = 5*o**3 + o. Let u be a(1). Give s(u).
9
Let o(a) = 10*a**3. Let c(p) = 2*p - 6. Let d be c(6). Suppose -d*g + 5*g = -1. Calculate o(g).
10
Suppose -4*l = -5*f - 40, 2*l = -5*f - 17 - 23. Let r(x) = x + 9. What is r(f)?
1
Let c(n) = n**3 + 3*n**2 - 4*n - 1. Let z(v) = -v**2 + 1. Let q be z(-1). Let f = q + -3. Give c(f).
11
Let t(y) = -3*y - 9. Let k be (3 - 1) + 1 + -1. Suppose j - 3*h - 1 - k = 0, 0 = -j - h - 9. What is t(j)?
9
Let b(x) = x**3 + 5*x**2 + 1. Let q be b(-5). Suppose 14 - 13 = n. Let l(i) = 1 - n - q + 3*i - 4*i**2. Determine l(2).
-11
Suppose 3 - 1 = -3*d + 2*z, d + 19 = -3*z. Let g = d + 7. Let x(j) = 3*j - 2. Let o(c) = c**2 + 4*c - 3. Let r(v) = g*x(v) - 2*o(v). Determine r(2).
-6
Let q(w) = 5*w**3 + w**2 + 6*w + 2. Let h(z) = -z**3 + z**2 + 1. Let p(g) = -4*h(g) - q(g). Suppose 0 - 4 = k. Give p(k).
2
Let c(y) = y**3 + 5*y**2 + 3*y + 6. Let k(u) = -u**2 + 3*u + 35. Let d be k(8). Give c(d).
-9
Let m = -1 - -11. Let u(q) = 3 - 11*q + m*q - 2. What is u(0)?
1
Let t = 3 - 6. Let g be (-6)/(t - -1) + 0. Let b(z) = 1 + g*z + 4*z - z - 4*z. Calculate b(-3).
-5
Let j(k) = 23*k**2 + 2*k + 9. Let f(b) = 12*b**2 + b + 5. Suppose -2*v - 2*v + 26 = 5*t, -2*t + 3*v + 15 = 0. Let z(a) = t*j(a) - 11*f(a). Calculate z(1).
6
Let t(z) = -2*z**2 - z - z**3 + 3 + 7*z - 2. Suppose 10*w = 5*w - 20. Calculate t(w).
9
Let t(o) = -o**3 + 6*o**2 - 7*o + 6. Let p = -20 - -23. Suppose -c - p + 11 = -3*r, -3*c - r = -14. What is t(c)?
-4
Let v(m) = -8*m**3 + 4*m**2 + 7*m**3 + 3*m**2 - 5*m - 2 - m**2. What is v(5)?
-2
Let r(m) = -m + 5. Let p = -6 - -2. Calculate r(p).
9
Let u(h) = 13*h - 29. Let c(t) = -3*t + 7. Let n(d) = 9*c(d) + 2*u(d). Let j = -1 - -1. Calculate n(j).
5
Suppose -20 = 5*b - b. Let v(u) = 4*u**3 - 10*u**2 - u - 2. Let t(w) = -w**3 + w**2 + 1. Let q be 10*1*1/2. Let l(m) = q*t(m) + v(m). Calculate l(b).
8
Let w(g) = -g**3 - 5*g**2 + 8*g + 3. Let a(z) = z**3 + 4*z**2 - 7*z - 2. Let u(i) = 7*a(i) + 6*w(i). Let t = 21 + -18. Calculate u(t).
10
Let d = 9 - 9. Let h(l) = -l**2 - l - 7. What is h(d)?
-7
Suppose -6*u + 1 = -7*u. Let i be 4 - (2 + u) - -2. Let m(p) = p - 2*p - 10 + 4. Determine m(i).
-11
Let t(f) = -f**3 + 4*f**2 - 3*f + 1. Let c be 1 - (6 + -4)*-1. Calculate t(c).
1
Let g(j) = -j**3 - 5*j**2 - j - 2. Let r(q) = 5*q**3 + q**2 - 5. Let n(u) = 4*u**3 + u - 5. Let x(s) = 6*n(s) - 5*r(s). Let d be x(-6). What is g(d)?
3
Let s(g) = 5*g**3 + 25*g**2 + 16*g + 30. Let y(w) = w**3 + 6*w**2 + 4*w + 7. Let l(f) = 2*s(f) - 9*y(f). Determine l(5).
2
Let u(f) = -2*f + 2. Let k(y) = y**2 + 5 - 2 + 10*y - 3*y. Let m be k(-7). Let i be (-2)/m*12/4. Calculate u(i).
6
Let i(t) = 4*t**2 - t - 2. Let m(o) = -7*o**2 + o + 3. Let r(k) = 5*i(k) + 3*m(k). Calculate r(-1).
0
Let m(i) = -6 + 2 - 